te -1 + -1 + 0 + 0 + 29190 + -29221.
-33
What is the value of -51 - (-38 + (26 - 19))?
-20
-51 - (-10 + 7 + -3 - (13 + -13))
-45
Evaluate 6 - (-23 + 27 - (3 - -5 - -3)).
13
Calculate (65 - 0) + (249 - 97 - 142).
75
What is the value of 4 + (7 - 5 - (-26 + 8 + -4) - 3)?
25
-8 - (0 + (18 + -2 - 79))
55
What is the value of 197 + -56 + -41 + -8?
92
What is -45 + 22 + (4 - -56)?
37
What is the value of (-45 - 0) + 3614 + -3672?
-103
Calculate -12 - (-83 + 1 + -2 + 54 + 20 + -88).
86
What is 1 + -3 + (-29 + 25 + 120 - -12 - 16)?
110
What is 55 - -98 - 121 - (124 - 1)?
-91
-58 - (-27 - (8 - 0))
-23
-30 - ((4 - -12) + -34) - (-9 - 39)
36
(-28 - -35) + (3 - -1 - -52) + -12 + 24
75
What is -18 - -34 - (5 - -15) - (-11 - -2)?
5
Evaluate -26 - -22 - (0 - (-19 - 4)).
-27
What is the value of 0 + -18 + (10 + 5 - 5) + -15 + -6?
-29
Evaluate -5 + -8 + 18 + -9 - ((-4 - 24) + 4).
20
What is 176 - (-55 - -16 - -143)?
72
14 - (-10 + 1 - (-50 + 84 + -46))
11
What is 6 + -4 + -6 + 2 + -24 + (247 - 242)?
-21
Evaluate -36 + (10 - ((23 - 19) + (2 - 4))).
-28
What is (7 - 7) + -31 - -27 - 66?
-70
Calculate (10 - 32) + 51 - 90 - -25.
-36
3 + 45 - (69 - (-39 - -89))
29
What is the value of -120 + 3 + 1200 + -1132?
-49
What is -59 + 103 + (0 - 18)?
26
Calculate (40 - 218) + 95 + 3.
-80
What is -8 + 67 - (118 - 36)?
-23
Evaluate 20 - (22 - (-12 - -23)) - -14.
23
What is the value of (14 - 20) + -4 + 57?
47
-16 + (66 - 63) + (4 - 19)
-28
What is 3711 + -3732 + (-5 - -1 - 97) + -1?
-123
Evaluate 24 + -21 + (-6 + 4 + -26 - 1).
-26
What is the value of -1 + (13 - 15) + -4 + -11 - 29?
-47
Calculate 159 - -2 - (3 + -7 + 11 + 13).
141
-47 + -1 + (36 - (-47 + 77))
-42
Evaluate 62 - (16 + 7) - (-4 + 1 + -1).
43
Evaluate -5 - (-13 - 12) - 19 - (-63 - (0 + 0)).
64
What is 1 - ((-27 + 33 + 4 - (-5 + 0)) + -9)?
-5
13 + (18 - ((3 - -35) + -21))
14
Evaluate (-1 - (-6 - 2)) + 11 + 27 + -65 + -30.
-50
Calculate -8 + (1 - (8 + -15)) + 3 + -2 - 8.
-7
Evaluate -6 - (-477 + 470 - (-12 + -1) - 35).
23
What is the value of -2 - (-12 + 264 + -257 + (0 - -10))?
-7
4 + -8 + (-17 - -10) + 16 + -35 + -26
-56
What is the value of (29 - -108) + -125 + 1 + -23?
-10
Evaluate -47 - -75 - 18 - (2 + -31).
39
Calculate -52 + 0 + -218 + 292.
22
What is the value of 11 - 37 - (6 - ((-1 - -12) + -7))?
-28
What is the value of 1 + -2 + (-3 - ((1 + -1 - -1) + -77))?
72
What is the value of 59 + -121 + 62 - (-2 + (-1 - -3))?
0
Calculate 139 + (76 - 118) + -81.
16
26 + -43 - (21 - (20 - -17))
-1
Evaluate -6 + 17 - 18 - (-9 - -11 - 48).
39
What is the value of -117 + 145 - (11 + -11 + (-8 - -4) - -1)?
31
(85 - (116 + -125)) + -32
62
-35 + 61 + (18 - 11)
33
What is the value of -12 + (14 - 1) + (-204 - -193) + (25 - -2)?
17
What is the value of 47 + (-17 - -69) + 34 + -1?
132
What is 9 - ((20 + (27 - 24) - 33) + 1 + -1)?
19
What is the value of -14 - ((-6 - 17 - -37 - 2) + -62)?
36
-57 - ((-115 - -109) + (-7 - 0) + 20)
-64
Evaluate 39 + (-7 - 0) + (-195 - -128).
-35
-2 + -4 + 2 + 25 + 73 + -102 - -4
-4
Evaluate 11 + 34 + (-32 - 32).
-19
What is (-253 - -285) + 2 + -26?
8
What is -2 - (-71 - -3 - 1) - (115 - (131 - 29))?
54
Evaluate (-1 - (11 - 0)) + 53 + (80 - 49).
72
What is the value of (-4 - -1 - 18) + -10 + 17 + -11?
-25
5 - 0 - (89 - 48)
-36
Calculate -95 - 3 - 1 - (-3546 + 3570).
-123
What is the value of 31 + 20 + -35 - ((-10 - -6) + -34)?
54
(3 - 13 - 69) + -535 + 553
-61
(-3 - (-8 + 107 - (11 + -25))) + 20
-96
What is the value of 2 + (-122 + 115 - (0 - 0)) + 49?
44
Calculate -15 + 2 - (-65 + 10 + -78 + 34).
86
What is -33 - ((-82 - -41) + -67)?
75
What is (43 - (-5 - -48)) + (30 - -1)?
31
-26 - (27 + -7 + 22 + -35)
-33
Evaluate -18 + 1 - (-98 - -45).
36
Evaluate -11 - -3 - (-13 - (61 + -12)).
54
What is 12 + 0 - -11 - (5 + -25)?
43
What is (-19 - -30) + (14 - (-1 - 16))?
42
What is 73 + (50 - (130 + -46))?
39
Evaluate (-9 + 12 - -5) + 18 + 0 + 0.
26
Calculate -2 - 0 - (-932 + 949 - (-76 - -3)).
-92
Calculate (-1 - 129) + (548 - 452).
-34
Calculate 6 + (-9 - -17) + -11 + 35.
38
Calculate -7 + (-47 + 0 - (-5 + -2 - (192 + -193))).
-48
-10 + (2 - (0 + 8 + -3)) + (-15 - -10)
-18
What is -14 + 13 + (15 - (-15 - -8))?
21
What is the value of (-3 - -67) + 728 + -733?
59
What is the value of (-1 - 7) + (70 - 93 - (17 - 8)) + -10?
-50
(0 - 2 - -42) + -124 + 193 + -64
45
Evaluate (0 - (8 - 0)) + 13 + -71 + 40.
-26
10 + (0 - -1) + (-4718 - -4729)
22
Calculate 55 + -94 + 43 + -32.
-28
What is -55 + 9 + -1 + 10 + (2 - -8)?
-27
Calculate (-17 - -13) + -18 - -88 - 11.
55
7 + -2 - (18 - (-6 - -25) - -19)
-13
What is the value of -147 - -170 - (-1 + 125 - -6) - 13?
-120
Evaluate -37 + 1 - (-55 + -22).
41
What is -378 + 379 - ((7 - 4) + 3 + 0)?
-5
What is the value of (-21 - -9) + 10 + -25 + 32?
5
Calculate 58 + 0 - (-532 + 591).
-1
-776 + 792 - (1 + (-1 - -3 - 3) + 5)
11
(-21 - -12) + 19 + 5 + -2 + (-2 - -4)
15
What is -30 + 48 - 99 - -162?
81
Evaluate -24 + (4 - (-1 - 25)).
6
(7 - 19 - -24) + -16 + -12
-16
What is the value of -2 + 1 - 21 - ((0 - 1) + -143 + 134)?
-12
What is (-3 + -11 + 22 - -9 - 13) + -8 - 1?
-5
What is -1 + 12 + (2 - 77) + (56 - 38)?
-46
What is the value of -37 + -1 + (-6 - -10 - (-27 - -14))?
-21
Calculate 8 - (-14 + 57) - (0 + 7).
-42
Evaluate -6 - ((-45 - -1) + ((-23 - -7) + 6 - -10)).
38
Calculate -100 + 212 + -2 + -119.
-9
0 + 2 + (18 + -6 + -6 - 11)
-3
What is (-14 - (-15 - (2 - (0 + 15 + -3)))) + -5?
-14
What is the value of -19 - ((16 - 14) + -49 + (-13 - -5))?
36
(-12 - (116 - 141)) + (-98 - 1)
-86
Evaluate -47 + 6 - (4 + 0) - (-21 + (-1 - -13)).
-36
Calculate (42 - 17) + -521 + 570.
74
What is 2 + (-544 - -526 - (-32 + 2))?
14
(3 + -17 - 2) + (1047 - 1034)
-3
Evaluate -6814 + 6815 - (-2 + -43 + -2 + 2).
46
What is -105 + 125 - ((-4 - (48 + 9)) + 9)?
72
What is the value of (-95 - -174 - 69) + 0 + -1 + 16?
25
What is the value of 1 - 45 - (82 + (-137 - -121))?
-110
Calculate 0 + 0 - (2548 - 2522).
-26
-31 + (-42 - -73) - (57 - 3)
-54
Calculate -62 + -7 + 25 + 6 + -12.
-50
-1 + (4 - (2 + 1)) + 4 - (-71 + -3)
78
What is the value of 0 + (39 - 98) + 76?
17
23 + (20 - 34) - (1 + (2 - (2 - -55)))
63
What is the value of 15 - (2 - 3 - (-12 + 3 + -4))?
3
Evaluate -11 - ((28 - 0 - (36 - 20)) + 1).
-24
What is the value of 600 + -531 - (-3 - (5 + 2 - 3 - 12))?
64
85 + -68 + -23 + (49 - 0)
43
Evaluate -7 + -18 - 19 - (-16 + 1).
-29
300 + -296 + -55 + 0 - 3
-54
Calculate -3 - -2 - 3 - (544 - 562 - (-2 - 10)).
2
Evaluate 4 + 111 + (18 + 8 - (11 - 5)) + -26.
109
What is the value of -40 + (-16 - (-39 - -24 - -10)) + 5 + 1?
-45
1 - 72 - (1536 - 1677)
70
Calculate -115 + (3 - 2) + -10 + (8 + 25 - 12).
-103
(-84 - (2 - 4)) + (-1039 - -1030)
-91
What is the value of (7 - (13 - 15)) + (14 - 7) + -4?
12
Evaluate -9 + 1 + (42 - (-7 + (0 - -5 - 17))).
53
What is the value of -90 + 196 + -210 + (-3 - 1 - -36)?
-72
Calculate (12 + 2 - (0 - -23) - 2) + 56.
45
Evaluate -4 + -1 + 9 + 44 + 295 + -301.
42
What is 1 + -6 + -1 + (2 - 4) + 0 + 57?
49
0 - 1 - ((-5 - (-20 + 14)) + -17 - -34)
-19
What is the value of (60 + -132 - -44) + 89 + -2?
59
-4 + -7 + 13 + (-1 - 8 - 4) + 102
91
Evaluate -5 + -8 - (5 + -100 + (7 + -8 - -4)).
79
Evaluate 3 - (-13 + (1 - -7 - (-42 - (-8 - -13)))).
-39
What is the value of -1 + (1 - 8 - 6) + 9 - -4?
-1
What is the value of -290 - -259 - (-27 + 3 - -5)?
-12
What is the value of (4 - (4 - (5 - -15 - 9) - -23)) + -70?
-82
What is the value of -26 - -70 - (7 + 51) - -2?
-12
Evaluate 3 - ((-6 - -7) + (16 - ((0 - 1) + 2))).
-13
What is 9 + 3 - (-104 + 171 + -39)?
-16
Evaluate (-55 + (3 - 7) - (-3 + 1 + -13)) + 3.
-41
Evaluate (16 - -17 - -1) + -91 - 3.
-60
Evaluate (-53 - -105) + 71 - (0 - 35).
158
What is the value of 4 + (0 - 11) + 5 + 15 + -23 + -81?
-91
57 + -54 - (-2 + 8 + 14) - -29
12
Calculate 1 + (170 - 141) - (0 - 21).
51
-47 + 8 - -50 - -29
40
What is the value of -4 + -7 + 9 - (-5 + 2 + -116 + 13)?
104
-21 - (192 - 161 - (-2 - -190))
136
-4 - ((-4 - -13) + 32 + (-36 - -17))
-26
Evaluate (-13 - -9) + -6 - (-7 + (15 - 0 - 7)).
-11
Evaluate -25 + 11 + 9 + (95 - 27 - -10).
73
Evaluate 52 + (111 - (121 + 137)).
-95
What is the value of (-1 - 19) + -1 - (-592 + 797 + -229)?
3
What is the value of -1 + 8 + -32 + (-15 - -5) + -2 + -8?
-45
What is the value of -3 + -10 + (-24 + 52 - (-18 